{"id":84,"date":"2018-09-28T10:36:23","date_gmt":"2018-09-28T08:36:23","guid":{"rendered":"http:\/\/vfltkd.bplaced.net\/wordpress_vfltkd\/?page_id=84"},"modified":"2024-03-02T12:40:07","modified_gmt":"2024-03-02T11:40:07","slug":"impressum","status":"publish","type":"page","link":"http:\/\/vfltkd.bplaced.net\/wordpress_vfltkd\/impressum\/","title":{"rendered":"Impressum"},"content":{"rendered":"\n<p> <br>Briefanschrift:<br><strong>Verein f\u00fcr Leibes\u00fcbungen (VfL) Sindelfingen 1862 e.V.<\/strong><br>Rudolf-Harbig-Stra\u00dfe 8<br>71063 Sindelfingen<br><a href=\"https:\/\/www.vfl-sindelfingen.de\/kontakt-hauptverein\/impressum\/\" target=\"_blank\" rel=\"noreferrer noopener\">Impressum VfL Sindelfingen<\/a><br><\/p>\n\n\n\n<p>Inhaltlich Verantwortlicher: Siegfried Wurst, Abteilungsleiter<br><\/p>\n\n\n\n<p>E-Mail: <a href=\"mailto:info@taekwondo-sindelfingen.de\">info@taekwondo-sindelfingen.de<\/a><\/p>\n\n\n\n<p>Externe Bildquellen mit freundlicher Unterst\u00fctzung:<br>&#8211; World Taekwondo Federation: <a href=\"http:\/\/www.worldtaekwondo.org\">http:\/\/www.worldtaekwondo.org<\/a><br><\/p>\n","protected":false},"excerpt":{"rendered":"<p>Briefanschrift:Verein f\u00fcr Leibes\u00fcbungen (VfL) Sindelfingen 1862 e.V.Rudolf-Harbig-Stra\u00dfe 871063 SindelfingenImpressum VfL Sindelfingen Inhaltlich Verantwortlicher: Siegfried Wurst, Abteilungsleiter E-Mail: info@taekwondo-sindelfingen.de Externe Bildquellen mit freundlicher Unterst\u00fctzung:&#8211; World Taekwondo Federation: http:\/\/www.worldtaekwondo.org<\/p>\n","protected":false},"author":1,"featured_media":0,"parent":0,"menu_order":0,"comment_status":"closed","ping_status":"closed","template":"","meta":{"footnotes":""},"class_list":["post-84","page","type-page","status-publish","hentry"],"_links":{"self":[{"href":"http:\/\/vfltkd.bplaced.net\/wordpress_vfltkd\/wp-json\/wp\/v2\/pages\/84","targetHints":{"allow":["GET"]}}],"collection":[{"href":"http:\/\/vfltkd.bplaced.net\/wordpress_vfltkd\/wp-json\/wp\/v2\/pages"}],"about":[{"href":"http:\/\/vfltkd.bplaced.net\/wordpress_vfltkd\/wp-json\/wp\/v2\/types\/page"}],"author":[{"embeddable":true,"href":"http:\/\/vfltkd.bplaced.net\/wordpress_vfltkd\/wp-json\/wp\/v2\/users\/1"}],"replies":[{"embeddable":true,"href":"http:\/\/vfltkd.bplaced.net\/wordpress_vfltkd\/wp-json\/wp\/v2\/comments?post=84"}],"version-history":[{"count":10,"href":"http:\/\/vfltkd.bplaced.net\/wordpress_vfltkd\/wp-json\/wp\/v2\/pages\/84\/revisions"}],"predecessor-version":[{"id":340,"href":"http:\/\/vfltkd.bplaced.net\/wordpress_vfltkd\/wp-json\/wp\/v2\/pages\/84\/revisions\/340"}],"wp:attachment":[{"href":"http:\/\/vfltkd.bplaced.net\/wordpress_vfltkd\/wp-json\/wp\/v2\/media?parent=84"}],"curies":[{"name":"wp","href":"https:\/\/api.w.org\/{rel}","templated":true}]}}